{"id":1973,"date":"2017-06-08T09:26:18","date_gmt":"2017-06-08T07:26:18","guid":{"rendered":"http:\/\/www.hotellapaix.com\/seminaire\/"},"modified":"2018-04-03T14:24:54","modified_gmt":"2018-04-03T12:24:54","slug":"seminaire","status":"publish","type":"page","link":"https:\/\/www.hotellapaix.com\/eu\/seminaire\/","title":{"rendered":"Bilkura gela"},"content":{"rendered":"<p>[vc_row hide_bg_mobile=&#8221;yes&#8221; equal_height=&#8221;yes&#8221; bg_type=&#8221;image&#8221; parallax_style=&#8221;vcpb-default&#8221; bg_image_new=&#8221;id^1037|url^http:\/\/www.hotellapaix.com\/wp-content\/uploads\/2017\/04\/bandeau.jpg|caption^null|alt^null|title^bandeau|description^null&#8221; bg_image_repeat=&#8221;no-repeat&#8221; bg_image_posiiton=&#8221;0 0&#8243;][vc_column el_class=&#8221;exe_pad_left&#8221; offset=&#8221;vc_col-lg-6 vc_col-md-12&#8243;]<div class=\"ult-content-box-container \" >\t\t<div class=\"ult-content-box\" style=\"box-shadow: px px px px #f7f7f7 none;margin-right:34px;-webkit-transition: all 700ms ease;-moz-transition: all 700ms ease;-ms-transition: all 700ms ease;-o-transition: all 700ms ease;transition: all 700ms ease;\"  data-hover_box_shadow=\"none\"   data-responsive_margins=\"margin-right:15px;\"   data-normal_margins=\"margin-right:34px;\"  ><div class=\"ult-animation  ult-animate-viewport  ult-no-mobile \" data-animate=\"fadeInLeft\" data-animation-delay=\"0.3\" data-animation-duration=\"1\" data-animation-iteration=\"1\" style=\"opacity:0;\" data-opacity_start_effect=\"100\"><div id=\"ultimate-heading-915469f257004a0ef\" class=\"uvc-heading ult-adjust-bottom-margin ultimate-heading-915469f257004a0ef uvc-6736 letter_spacing_06\" data-hspacer=\"no_spacer\"  data-halign=\"left\" style=\"text-align:left\"><div class=\"uvc-heading-spacer no_spacer\" style=\"top\"><\/div><div class=\"uvc-main-heading ult-responsive\"  data-ultimate-target='.uvc-heading.ultimate-heading-915469f257004a0ef h2'  data-responsive-json-new='{\"font-size\":\"desktop:25px;\",\"line-height\":\"\"}' ><h2 style=\"font-family:'Poppins';font-weight:600;color:#3d3935;margin-top:30px;margin-bottom:13px;\">Familien edo lan hitz orduentzat<\/h2><\/div><div class=\"uvc-sub-heading ult-responsive\"  data-ultimate-target='.uvc-heading.ultimate-heading-915469f257004a0ef .uvc-sub-heading '  data-responsive-json-new='{\"font-size\":\"\",\"line-height\":\"desktop:24px;\"}'  style=\"font-family:'Poppins';font-weight:normal;color:#9c9c9c;margin-bottom:12px;\"><\/p>\n<p style=\"text-align: justify;\">\u00ab Hotel de la Paix \u00bb bere jatetxearekin, ingurumen ideala da zuen familiako edo laneko bilkurentzat.<br \/>\nDonapaleutik hasiz, Euskal Herria eta Baxe Nafarroa bisitatzeko leku hoberenean zizte.<br \/>\nGure taldeak, zuen galderei erantzunen du, proposatuz zerbitzu egokiak zuen gertakariari : bilkura, bataioa, komunionea, ezteia.<br \/>\nDeitzen ahal gaituzue menu baten egiteko zuen gustuen eta guzien arabera.<\/p>\n<p><\/div><\/div><\/div>\t\t<\/div><\/div>[\/vc_column][vc_column offset=&#8221;vc_col-lg-6 vc_col-md-12&#8243;][vc_single_image image=&#8221;1605&#8243; img_size=&#8221;full&#8221; css=&#8221;.vc_custom_1496907713714{padding-top: 75px !important;}&#8221;][\/vc_column][\/vc_row][vc_row css=&#8221;.vc_custom_1498721329298{margin-top: 30px !important;margin-right: 50px !important;margin-bottom: 30px !important;margin-left: 50px !important;}&#8221;][vc_column width=&#8221;1\/2&#8243;]<div class=\"ult-content-box-container \" >\t\t<div class=\"ult-content-box\" style=\"background-color:#f5f5f5;box-shadow: px px px px #f7f7f7 none;padding-top:35px;padding-right:50px;padding-bottom:35px;padding-left:50px;-webkit-transition: all 700ms ease;-moz-transition: all 700ms ease;-ms-transition: all 700ms ease;-o-transition: all 700ms ease;transition: all 700ms ease;\"  data-hover_box_shadow=\"none\"     data-bg=\"#f5f5f5\" >[vc_custom_heading text=&#8221;ORGANISATION DE S\u00c9MINAIRE&#8221; font_container=&#8221;tag:h4|font_size:20px|text_align:center|color:%233d3935|line_height:16px&#8221; use_theme_fonts=&#8221;yes&#8221; css=&#8221;.vc_custom_1498636718096{padding-bottom: 15px !important;}&#8221;][vc_custom_heading text=&#8221;2 salles sont \u00e0 votre disposition selon vos besoins:<br \/>\n\u2013 LE SALON:<br \/>\n30m2 \/ capacit\u00e9 de 16 personnes<br \/>\n\u2013 SALLE BARATZE ZOLAN :<br \/>\n100M2 \/ capacit\u00e9 de 65 personnes&#8221; font_container=&#8221;tag:p|font_size:16px|text_align:center|color:%23b58a61|line_height:24px&#8221; use_theme_fonts=&#8221;yes&#8221;]\t\t<\/div><\/div>[\/vc_column][vc_column width=&#8221;1\/2&#8243;]<div class=\"ult-content-box-container \" >\t\t<div class=\"ult-content-box\" style=\"background-color:#f5f5f5;box-shadow: px px px px #f7f7f7 none;padding-top:35px;padding-right:50px;padding-bottom:35px;padding-left:50px;-webkit-transition: all 700ms ease;-moz-transition: all 700ms ease;-ms-transition: all 700ms ease;-o-transition: all 700ms ease;transition: all 700ms ease;\"  data-hover_box_shadow=\"none\"     data-bg=\"#f5f5f5\" >[vc_custom_heading text=&#8221;JOURN\u00c9E D&#8217;\u00c9TUDE&#8221; font_container=&#8221;tag:h4|font_size:20px|text_align:center|color:%233d3935|line_height:16px&#8221; use_theme_fonts=&#8221;yes&#8221; css=&#8221;.vc_custom_1498636724911{padding-bottom: 15px !important;}&#8221;][vc_custom_heading text=&#8221;Tarif \u00e0 partir de 38\u20ac comprenant :<br \/>\n\u2013 Salle \u00e9quip\u00e9e : Ecran, Paper board, acc\u00e8s wifi<br \/>\n\u2013 Deux pauses gourmandes : Boissons chaude, Jus de fruit, Viennoiserie<br \/>\n\u2013 Un d\u00e9jeuner : Entr\u00e9e\/Plat\/Dessert<br \/>\nVin et caf\u00e9 compris<br \/>\n&#8221; font_container=&#8221;tag:p|font_size:16px|text_align:center|color:%23b58a61|line_height:24px&#8221; use_theme_fonts=&#8221;yes&#8221;]\t\t<\/div><\/div>[\/vc_column][\/vc_row][vc_row css=&#8221;.vc_custom_1498721336427{margin-right: 50px !important;margin-bottom: 30px !important;margin-left: 50px !important;}&#8221;][vc_column]<div class=\"ult-content-box-container \" >\t\t<div class=\"ult-content-box\" style=\"background-color:#f5f5f5;box-shadow: px px px px #f7f7f7 none;padding-top:35px;padding-right:50px;padding-bottom:35px;padding-left:50px;-webkit-transition: all 700ms ease;-moz-transition: all 700ms ease;-ms-transition: all 700ms ease;-o-transition: all 700ms ease;transition: all 700ms ease;\"  data-hover_box_shadow=\"none\"     data-bg=\"#f5f5f5\" >[vc_custom_heading text=&#8221;GROUPES \/ AUTOCARISTES&#8221; font_container=&#8221;tag:h4|font_size:20px|text_align:center|color:%233d3935|line_height:16px&#8221; use_theme_fonts=&#8221;yes&#8221; css=&#8221;.vc_custom_1498636732494{padding-bottom: 15px !important;}&#8221;][vc_custom_heading text=&#8221;Les + de notre destination :<br \/>\n\u2013 Une situation g\u00e9ographique privil\u00e9gi\u00e9e qui vous permettra d\u2019organiser vos journ\u00e9es d\u2019excursions en r\u00e9duisant vos temps de transport<br \/>\n\u2013 Notre capacit\u00e9 d\u2019accueil : 55 Personnes<br \/>\n\u2013 Stationnement s\u00e9curis\u00e9 pour motos en suppl\u00e9ment<br \/>\n\u2013 Un tarif pr\u00e9f\u00e9rentiel \u00e0 partir de 10 chambres&#8221; font_container=&#8221;tag:p|font_size:16px|text_align:center|color:%23b58a61|line_height:24px&#8221; use_theme_fonts=&#8221;yes&#8221;]\t\t<\/div><\/div>[\/vc_column][\/vc_row]<\/p>\n","protected":false},"excerpt":{"rendered":"<p>[vc_row hide_bg_mobile=&#8221;yes&#8221; equal_height=&#8221;yes&#8221; bg_type=&#8221;image&#8221; parallax_style=&#8221;vcpb-default&#8221; bg_image_new=&#8221;id^1037|url^http:\/\/www.hotellapaix.com\/wp-content\/uploads\/2017\/04\/bandeau.jpg|caption^null|alt^null|title^bandeau|description^null&#8221; bg_image_repeat=&#8221;no-repeat&#8221; bg_image_posiiton=&#8221;0 0&#8243;][vc_column el_class=&#8221;exe_pad_left&#8221; offset=&#8221;vc_col-lg-6 vc_col-md-12&#8243;][\/vc_column][vc_column offset=&#8221;vc_col-lg-6 vc_col-md-12&#8243;][vc_single_image image=&#8221;1605&#8243; img_size=&#8221;full&#8221; css=&#8221;.vc_custom_1496907713714{padding-top: 75px !important;}&#8221;][\/vc_column][\/vc_row][vc_row css=&#8221;.vc_custom_1498721329298{margin-top: 30px !important;margin-right: 50px !important;margin-bottom: 30px !important;margin-left: 50px !important;}&#8221;][vc_column width=&#8221;1\/2&#8243;][\/vc_column][vc_column width=&#8221;1\/2&#8243;][\/vc_column][\/vc_row][vc_row css=&#8221;.vc_custom_1498721336427{margin-right: 50px !important;margin-bottom: 30px !important;margin-left: 50px !important;}&#8221;][vc_column][\/vc_column][\/vc_row]<\/p>\n","protected":false},"author":1,"featured_media":0,"parent":0,"menu_order":0,"comment_status":"closed","ping_status":"closed","template":"","meta":{"footnotes":""},"class_list":["post-1973","page","type-page","status-publish","hentry"],"_links":{"self":[{"href":"https:\/\/www.hotellapaix.com\/eu\/wp-json\/wp\/v2\/pages\/1973","targetHints":{"allow":["GET"]}}],"collection":[{"href":"https:\/\/www.hotellapaix.com\/eu\/wp-json\/wp\/v2\/pages"}],"about":[{"href":"https:\/\/www.hotellapaix.com\/eu\/wp-json\/wp\/v2\/types\/page"}],"author":[{"embeddable":true,"href":"https:\/\/www.hotellapaix.com\/eu\/wp-json\/wp\/v2\/users\/1"}],"replies":[{"embeddable":true,"href":"https:\/\/www.hotellapaix.com\/eu\/wp-json\/wp\/v2\/comments?post=1973"}],"version-history":[{"count":3,"href":"https:\/\/www.hotellapaix.com\/eu\/wp-json\/wp\/v2\/pages\/1973\/revisions"}],"predecessor-version":[{"id":2064,"href":"https:\/\/www.hotellapaix.com\/eu\/wp-json\/wp\/v2\/pages\/1973\/revisions\/2064"}],"wp:attachment":[{"href":"https:\/\/www.hotellapaix.com\/eu\/wp-json\/wp\/v2\/media?parent=1973"}],"curies":[{"name":"wp","href":"https:\/\/api.w.org\/{rel}","templated":true}]}}

<p>[vc_row hide_bg_mobile=&#8221;yes&#8221; equal_height=&#8221;yes&#8221; bg_type=&#8221;image&#8221; parallax_style=&#8221;vcpb-default&#8221; bg_image_new=&#8221;id^1037|url^http://www.hotellapaix.com/wp-content/uploads/2017/04/bandeau.jpg|caption^null|alt^null|title^bandeau|description^null&#8221; bg_image_repeat=&#8221;no-repeat&#8221; bg_image_posiiton=&#8221;0 0&#8243;][vc_column el_class=&#8221;exe_pad_left&#8221; offset=&#8221;vc_col-lg-6 vc_col-md-12&#8243;]<div class="ult-content-box-container " >		<div class="ult-content-box" style="box-shadow: px px px px #f7f7f7 none;margin-right:34px;-webkit-transition: all 700ms ease;-moz-transition: all 700ms ease;-ms-transition: all 700ms ease;-o-transition: all 700ms ease;transition: all 700ms ease;"  data-hover_box_shadow="none"   data-responsive_margins="margin-right:15px;"   data-normal_margins="margin-right:34px;"  ><div class="ult-animation  ult-animate-viewport  ult-no-mobile " data-animate="fadeInLeft" data-animation-delay="0.3" data-animation-duration="1" data-animation-iteration="1" style="opacity:0;" data-opacity_start_effect="100"><div id="ultimate-heading-915469f257004a0ef" class="uvc-heading ult-adjust-bottom-margin ultimate-heading-915469f257004a0ef uvc-6736 letter_spacing_06" data-hspacer="no_spacer"  data-halign="left" style="text-align:left"><div class="uvc-heading-spacer no_spacer" style="top"></div><div class="uvc-main-heading ult-responsive"  data-ultimate-target='.uvc-heading.ultimate-heading-915469f257004a0ef h2'  data-responsive-json-new='{"font-size":"desktop:25px;","line-height":""}' ><h2 style="font-family:'Poppins';font-weight:600;color:#3d3935;margin-top:30px;margin-bottom:13px;">Familien edo lan hitz orduentzat</h2></div><div class="uvc-sub-heading ult-responsive"  data-ultimate-target='.uvc-heading.ultimate-heading-915469f257004a0ef .uvc-sub-heading '  data-responsive-json-new='{"font-size":"","line-height":"desktop:24px;"}'  style="font-family:'Poppins';font-weight:normal;color:#9c9c9c;margin-bottom:12px;"></p>
<p style="text-align: justify;">« Hotel de la Paix » bere jatetxearekin, ingurumen ideala da zuen familiako edo laneko bilkurentzat.<br />
Donapaleutik hasiz, Euskal Herria eta Baxe Nafarroa bisitatzeko leku hoberenean zizte.<br />
Gure taldeak, zuen galderei erantzunen du, proposatuz zerbitzu egokiak zuen gertakariari : bilkura, bataioa, komunionea, ezteia.<br />
Deitzen ahal gaituzue menu baten egiteko zuen gustuen eta guzien arabera.</p>
<p></div></div></div>		</div></div>[/vc_column][vc_column offset=&#8221;vc_col-lg-6 vc_col-md-12&#8243;][vc_single_image image=&#8221;1605&#8243; img_size=&#8221;full&#8221; css=&#8221;.vc_custom_1496907713714{padding-top: 75px !important;}&#8221;][/vc_column][/vc_row][vc_row css=&#8221;.vc_custom_1498721329298{margin-top: 30px !important;margin-right: 50px !important;margin-bottom: 30px !important;margin-left: 50px !important;}&#8221;][vc_column width=&#8221;1/2&#8243;]<div class="ult-content-box-container " >		<div class="ult-content-box" style="background-color:#f5f5f5;box-shadow: px px px px #f7f7f7 none;padding-top:35px;padding-right:50px;padding-bottom:35px;padding-left:50px;-webkit-transition: all 700ms ease;-moz-transition: all 700ms ease;-ms-transition: all 700ms ease;-o-transition: all 700ms ease;transition: all 700ms ease;"  data-hover_box_shadow="none"     data-bg="#f5f5f5" >[vc_custom_heading text=&#8221;ORGANISATION DE SÉMINAIRE&#8221; font_container=&#8221;tag:h4|font_size:20px|text_align:center|color:%233d3935|line_height:16px&#8221; use_theme_fonts=&#8221;yes&#8221; css=&#8221;.vc_custom_1498636718096{padding-bottom: 15px !important;}&#8221;][vc_custom_heading text=&#8221;2 salles sont à votre disposition selon vos besoins:<br />
– LE SALON:<br />
30m2 / capacité de 16 personnes<br />
– SALLE BARATZE ZOLAN :<br />
100M2 / capacité de 65 personnes&#8221; font_container=&#8221;tag:p|font_size:16px|text_align:center|color:%23b58a61|line_height:24px&#8221; use_theme_fonts=&#8221;yes&#8221;]		</div></div>[/vc_column][vc_column width=&#8221;1/2&#8243;]<div class="ult-content-box-container " >		<div class="ult-content-box" style="background-color:#f5f5f5;box-shadow: px px px px #f7f7f7 none;padding-top:35px;padding-right:50px;padding-bottom:35px;padding-left:50px;-webkit-transition: all 700ms ease;-moz-transition: all 700ms ease;-ms-transition: all 700ms ease;-o-transition: all 700ms ease;transition: all 700ms ease;"  data-hover_box_shadow="none"     data-bg="#f5f5f5" >[vc_custom_heading text=&#8221;JOURNÉE D&#8217;ÉTUDE&#8221; font_container=&#8221;tag:h4|font_size:20px|text_align:center|color:%233d3935|line_height:16px&#8221; use_theme_fonts=&#8221;yes&#8221; css=&#8221;.vc_custom_1498636724911{padding-bottom: 15px !important;}&#8221;][vc_custom_heading text=&#8221;Tarif à partir de 38€ comprenant :<br />
– Salle équipée : Ecran, Paper board, accès wifi<br />
– Deux pauses gourmandes : Boissons chaude, Jus de fruit, Viennoiserie<br />
– Un déjeuner : Entrée/Plat/Dessert<br />
Vin et café compris<br />
&#8221; font_container=&#8221;tag:p|font_size:16px|text_align:center|color:%23b58a61|line_height:24px&#8221; use_theme_fonts=&#8221;yes&#8221;]		</div></div>[/vc_column][/vc_row][vc_row css=&#8221;.vc_custom_1498721336427{margin-right: 50px !important;margin-bottom: 30px !important;margin-left: 50px !important;}&#8221;][vc_column]<div class="ult-content-box-container " >		<div class="ult-content-box" style="background-color:#f5f5f5;box-shadow: px px px px #f7f7f7 none;padding-top:35px;padding-right:50px;padding-bottom:35px;padding-left:50px;-webkit-transition: all 700ms ease;-moz-transition: all 700ms ease;-ms-transition: all 700ms ease;-o-transition: all 700ms ease;transition: all 700ms ease;"  data-hover_box_shadow="none"     data-bg="#f5f5f5" >[vc_custom_heading text=&#8221;GROUPES / AUTOCARISTES&#8221; font_container=&#8221;tag:h4|font_size:20px|text_align:center|color:%233d3935|line_height:16px&#8221; use_theme_fonts=&#8221;yes&#8221; css=&#8221;.vc_custom_1498636732494{padding-bottom: 15px !important;}&#8221;][vc_custom_heading text=&#8221;Les + de notre destination :<br />
– Une situation géographique privilégiée qui vous permettra d’organiser vos journées d’excursions en réduisant vos temps de transport<br />
– Notre capacité d’accueil : 55 Personnes<br />
– Stationnement sécurisé pour motos en supplément<br />
– Un tarif préférentiel à partir de 10 chambres&#8221; font_container=&#8221;tag:p|font_size:16px|text_align:center|color:%23b58a61|line_height:24px&#8221; use_theme_fonts=&#8221;yes&#8221;]		</div></div>[/vc_column][/vc_row]</p>
